 7. Determine a(u).
-7
Let d(y) = 43 + 0*y + 7*y - 25 - 23 - 6*y**2 - y**3. Let a be d(-7). Let s(w) = 3*w + 1 + 4 - 1. Give s(a).
-11
Let u(m) = -m - 4. Let j be u(-7). Let t(n) = n - j + 2 - 1. What is t(-3)?
-5
Let l(o) be the third derivative of o**4/24 - 7*o**3/6 + 6*o**2. Calculate l(5).
-2
Let x(t) = t**3 - 3*t**2 + t + 2. Suppose l = 3*r + 3 + 11, -3*l = -3*r - 6. Let d be 2*r/4 + 5. Calculate x(d).
0
Let d = -3 + 5. Let o = 7 - d. Let u(l) = 0*l**3 - 5*l**2 + 0*l**3 + 2*l - 5 + 0*l**2 + l**3. Calculate u(o).
5
Suppose d - 8 = 2*w, -4*d - d + 10 = -4*w. Let z(m) be the third derivative of -m**4/24 - 3*m**3/2 + m**2. Calculate z(w).
-4
Let o = 1 + 1. Let z(k) = 5*k - o*k - k + 3 - 3*k. What is z(4)?
-1
Let m = 53 - 58. Let d(f) = f**2 + 6*f + 6. Give d(m).
1
Let r be -4*-1*(-1)/(-2). Let w(x) = -4*x + 5 + r*x + x. Let v(d) = -d**3 - 12*d**2 + 12*d - 9. Let y be v(-13). Determine w(y).
1
Let b(n) be the second derivative of -n**4/3 + n**3/3 + n**2/2 + 2*n. Let f = 79 - 80. Calculate b(f).
-5
Let b(i) = -4 + 12*i**2 + 12*i - 3*i**3 + i**3 + 3*i**3 + 14. Calculate b(-11).
-1
Let q be (-2)/(-6)*(-6)/(-8). Let l(d) be the second derivative of 2/3*d**3 + q*d**4 + 1/20*d**5 + d + 0 + d**2. Give l(-2).
-2
Let l(k) be the first derivative of 2*k**3/3 - k - 1. Suppose -g = -4*g + 6. What is l(g)?
7
Let r(b) = 4*b + 2. Let p be (10/(-4) + 2)*-16. Let q(k) = k - 11. Let l be q(p). What is r(l)?
-10
Let y(s) be the first derivative of -s**4/12 - 5*s**3/6 - 7*s**2/2 + 2*s - 1. Let r(q) be the first derivative of y(q). Calculate r(-5).
-7
Suppose 4*h - 8 = -0*h. Let q(o) = 2*o**2 - 3*o. Let v be q(h). Let p = 5 - v. Let d(u) = 2*u - 3. Determine d(p).
3
Let r(j) = -12*j + 25*j - 15*j + 4. Give r(5).
-6
Let l(s) be the first derivative of -s**5/60 + s**4/12 + 2*s**3/3 + 3. Let c(y) be the third derivative of l(y). Determine c(2).
-2
Let k(x) = 3*x - 1. Let p(w) = -w + 10. Suppose 0 = 4*o - 0*o - 32. Let z be (1 + -2)*o/(-1). Let f be p(z). Give k(f).
5
Let x(t) = -t - 8. Let r be x(-8). Let m(v) = r*v + 0 - 2*v + 1 - 2. Calculate m(-6).
11
Let q(s) be the first derivative of s**4/2 - s**3 - 5. What is q(2)?
4
Let h(x) = 3*x**3 + x**2 - 1. Let n be h(1). Suppose -5*w - 6*s + 25 = -3*s, 3*w - 9 = -n*s. Let d be w + (-10 + 1)/3. Let i(u) = u**2 - 4*u - 7. Give i(d).
-2
Let p(d) = -d + 5. Let t be p(3). Suppose -2*w + 3*w = t. Let l(h) = 6*h + 2. Give l(w).
14
Suppose 2*y - 11 = 1. Suppose -2*f = 2*h - 4, 2*f + 5*h + 2 = h. Suppose 3*d + 3*m = d + y, 5*d - f*m + 35 = 0. Let s(q) = -2*q**2 - 4*q. What is s(d)?
-6
Suppose -2*a = -5*g + 16, 5*g - a - 3*a = 12. Let n(o) = o**3 - 3*o**2 - 3*o + 1. Let w be n(g). Let v(u) = u**3 - 5*u**2 + u - 2. Give v(w).
3
Let k(m) = 3*m**2 - m. Let l be k(-1). Let a(v) = 4*v**2 + 3. Let n(d) = d**2 + d + 2. Let j(i) = -a(i) + 3*n(i). What is j(l)?
-1
Let s(q) = 9*q**3 - 11*q - 2. Let p(j) = -5*j**3 + 6*j + 1. Let o(i) = -5*p(i) - 3*s(i). Calculate o(-2).
11
Suppose -3*j + 3*t - 9 = 0, 3*j - 5 = -3*t + 16. Let f(l) = 3*l**2 - j*l**2 + 4*l**2 - l**3 - 3*l + 4*l - 3. Let d(k) = -k. Let y be d(-5). What is f(y)?
2
Suppose 0 = -6*j - 42 - 0. Let v(x) be the second derivative of -x**4/12 - 7*x**3/6 - x**2/2 + 2*x. What is v(j)?
-1
Suppose 0 = 4*v - 6 + 2. Let g(d) = d**2 - 6*d + 4. Let h be g(6). Let p(a) = -3*a**3 + h*a**3 + 2*a**2 - a**2. Calculate p(v).
2
Let f(y) = -y**3 - 3*y**2 + 6*y + 3. Let r be 4 + 196/(-24) + (-1)/(-6). Calculate f(r).
-5
Let x(l) be the third derivative of l**4/24 - l**3/2 + 49*l**2. Determine x(0).
-3
Suppose 5*g + 5*c = -10, 6*g = 3*g - 4*c - 11. Let n(j) = -j**2 + 4*j. Give n(g).
3
Let y(b) = -b**3 + 5*b**2 - 5*b + 5. Let h be y(4). Suppose 0 = k + v + 3 - 7, -4*v = -4*k + 24. Let s(z) = 4*z + 2*z - 4 + h - k*z. Determine s(-4).
-7
Let r(q) = 3*q**2 + q + 12. Let k(v) = -4*v**2 - 2*v - 11. Let n(l) = -2*k(l) - 3*r(l). What is n(0)?
-14
Suppose 0*f + 12 = -4*f. Let x(q) = 3*q**3 + 5*q**2 + 2. Let m(w) = -2 - 7*w**3 - 11*w**2 - 2*w + 3*w - 3. Let r(z) = -2*m(z) - 5*x(z). What is r(f)?
6
Let i(a) = -a**3 + 9*a**2 - 8*a. Suppose -2*l = -b - 21, 3*l - 4*b = -b + 39. Calculate i(l).
0
Suppose -2*l = l - 2*s, -2 = 2*l - 2*s. Let o(n) = 4*n + 5*n**2 + n - 4*n - 6*n**2. Let u(w) = 7*w**2 - 8*w + 2. Let g(i) = 4*o(i) + u(i). What is g(l)?
6
Let c(k) = -5*k**2 + k**3 + 0*k**2 + 0*k**2 - 3*k**2 + 8*k - 10. Determine c(7).
-3
Let u(k) = -k - 4*k**2 + 1 + 0 - k**2. Let l be 2*2 + (-2 - 0). Suppose -2*n - 3*b = 3 - 11, 0 = -n + l*b - 3. What is u(n)?
-5
Let a(h) = h**2 - 7*h + 1. Let m be a(7). Let r be -4 - (m - (1 - -2)). Let u(x) = x**3 + 4*x**2 + 2*x - 2. What is u(r)?
2
Let l(g) = -g**3 - 5*g**2 - 6*g - 5. Suppose -3*w = -6*w + 9. Let i(p) = p**3 - 4*p**2 + 2*p - 1. Let y be i(w). Determine l(y).
3
Let q(d) = d + 6. Let z(s) = 5*s**2 - 2*s**2 - 2*s**2 + 0 + 5*s - 6. Let m be z(-5). Give q(m).
0
Let b be ((-12)/8)/((-1)/2). Let u = -2 + b. Let r(n) = -172*n**2 + 4*n - 2*n + 164*n**2 - 1. What is r(u)?
-7
Let l(h) = 6 - 8*h + 21*h - 10*h. What is l(-5)?
-9
Let h(z) be the second derivative of -z**5/30 + z**4/24 + z**3/6 - z**2/2 + 2*z. Let q(t) be the first derivative of h(t). Give q(2).
-5
Suppose -2*m - 16 = -2*f + 3*m, -f - 2*m = 1. Let n(i) = i**3 - 2*i**2 - i - 3. Give n(f).
3
Let j(b) = b - 5. Let i(y) = -y + 5. Let m(r) = 4*i(r) + 3*j(r). What is m(6)?
-1
Suppose -2*b + 2*q = 0, 5*b = 4*b - 3*q - 20. Let t(y) be the first derivative of -3/2*y**2 - 2 + 6*y - 1/3*y**3. Calculate t(b).
-4
Let k(z) = 0*z**2 - z**2 - 5 + 0*z - 2*z - 5*z. Determine k(-6).
1
Let i(r) be the second derivative of -r**3/6 - r**2 + 13*r - 1. Let c be 3 + 0 + -1 + -1. Let z = 1 - c. Determine i(z).
-2
Let t(j) be the first derivative of -j**3 + j + 5 + 1/4*j**4 + 0*j**2. Suppose p + 3*p = 8. What is t(p)?
-3
Let y(t) = t**3 - 8*t**2 + 9*t - 17. Let z be y(7). Let p(i) = i**3 + 3*i**2 + 3. Determine p(z).
3
Let a be (-4)/(-10) - (72/(-20) - -4). Let b(c) be the third derivative of 1/120*c**6 - 1/15*c**5 + 1/6*c**3 - 1/6*c**4 + a - 3*c**2 + 0*c. Give b(5).
6
Let o(v) = -v**3 - 2*v**2 - v - 1. Suppose 11 = 5*w - 4. Suppose 3*f - u - 4 = 4*f, w*u = 3*f. What is o(f)?
1
Let b = 5 + -3. Let r(m) = 3. Let t(u) = u + 1. Let v(i) = 2*r(i) - 3*t(i). What is v(b)?
-3
Let b = -2 + 2. Let o(v) be the second derivative of 2*v**2 + 3*v + 0 - 1/12*v**4 - 1/6*v**3. Calculate o(b).
4
Let r(h) = h. Let s(q) = q**2 - 11*q + 4. Let t(v) = -6*r(v) - s(v). Suppose -2*x + 6 = x. Suppose 0 = 4*c - 3*n - 17, x*c + 2*n - 13 = -n. Calculate t(c).
-4
Let g be (6 - (-2)/(-1)) + -2. Suppose s + 0*s = 4*k + 13, 0 = s + g*k + 5. Let u(d) = 3*d**2 - d. Give u(s).
2
Let i(a) = 7*a + a + a**2 + 218 - 219. Give i(-7).
-8
Let h be ((-1)/(-6))/(6/(30/5)). Let b(d) be the second derivative of d + h*d**3 + 3*d**2 + 1/12*d**4 + 0. Give b(0).
6
Let y(d) = d**2 + 8*d + 6. Let z be y(-7). Let r(a) = 5*a**2 - a. Calculate r(z).
6
Let u(c) be the second derivative of 0 - 1/12*c**4 - c**3 + 4*c - 3/2*c**2. What is u(-5)?
2
Suppose 27 = 4*d + 5*d. Let p(n) be the first derivative of -d + n + 1/2*n**2. Give p(-4).
-3
Suppose -3*d + 4*q + 6 = -9, d = -2*q + 5. Let z(g) = -2*g + 5*g - g**3 - d*g**2 + 2*g**2. Let m be (-25)/7 - 60/140. Determine z(m).
4
Let l(g) be the first derivative of -7*g**4 - g**3/3 + g**2/2 - g - 21. Give l(1).
-29
Let w(d) = -4*d + 12. Let j(o) = -5*o + 14. Let y(z) = -3*j(z) + 4*w(z). Calculate y(5).
1
Let f(v) = -2*v + 4. Let d(x) = -x. Let o(u) = 3*d(u) - f(u). Give o(-4).
0
Let x = -2 - -1. Let s = x + 4. Let j(f) = 0*f**2 - s*f + 1 - 2*f**2 + 3*f**2. Calculate j(3).
1
Suppose -j = 71 + 5. Let b be (-6)/(-27) - j/(-18). Let v = b + 1. Let y(q) = q**3 + 2*q**2 - 3*q + 1. Give y(v).
1
Let g(w) be the second derivative of w**4/12 + 7*w**3/6 + 7*w**2/2 - 30*w. Calculate g(-5).
-3
Let m(c) = 8*c**2 + 5. Let n(y) = 7*y**2 + 4. Let d(z) = -3*m(z) + 4*n(z). What is d(1)?
5
Let k(x) = 2*x**3 - 2*x**2 - x - 2. Suppose -6 = -2*q, -4*q + 20 = 2*n - 4*n. Let u be n - -2 - (-1 - 3). What is k(u)?
4
Let f(v) = v. Let j(r) = -r + 1. Let n be j(2). Let c(m) be the second derivative of 2*m**3/3 - m**2 + m. Let s(u) = n*c(u) + 3*f(u). Give s(-2).
4
Let k(h) = -h**2 + 5*h + 1. Suppose 15 = 5*y - 0*y. Suppose -y*n = -5 - 7. Calculate k(n).
5
Let h(m) be the first derivativ